 + l)*(-6 + 3 + 83).
2, 5
Let m be 1*(-3)/3 + 69. Suppose 0*t = t - m. Let o = t + -41. List the prime factors of o.
3
Suppose v - 4543 - 853 = -2*w, -2*v - 8101 = -3*w. List the prime factors of w.
2699
Let x(o) = 5*o**3 + 5*o**2 - 40*o + 28. What are the prime factors of x(8)?
2, 647
Suppose -3*y + r - 35 = 0, -4*y - 46 = -4*r + 3*r. Let j = y + 107. What are the prime factors of j?
2, 3
Let a(s) = 2*s**2 + 5*s + 2. Let c be a(-4). Let f be (-8)/(-28) + 52/c. Suppose f*i = 8, -3*k + 77 = 3*i + 20. List the prime factors of k.
17
Suppose -16*f + 10004 = -8076. List the prime factors of f.
2, 5, 113
List the prime factors of 398 + -25 - 0*2/(-4).
373
Let w = 6 - 9. What are the prime factors of 1 - (2/w - (-21)/(-9))?
2
Let t = -4 + 6. Let n(b) = 17*b**3 + b**2 - 2. Let r be n(t). Suppose -5*f + k + r = 0, -4*f + k = -f - 84. What are the prime factors of f?
3
Let k(r) = r + 18. Let z be k(-16). Suppose 6*d - 784 = z*d. What are the prime factors of d?
2, 7
Let s(g) = 37*g + 1. Let d = 4 + -3. Let u be s(d). Suppose w = 3*w - u. List the prime factors of w.
19
Let q(s) = 3*s**2 - 30*s + 17. List the prime factors of q(18).
449
Suppose -q + 1 = 0, 0 = -j + q - 49 - 75. Let u = -69 - j. What are the prime factors of u?
2, 3
Let z(k) = 3*k + 4. Let v(w) be the third derivative of w**5/15 + w**4/8 + w**3/3 - 7*w**2. Let y be v(-1). List the prime factors of z(y).
13
Suppose -1455 = -7*b + 1037. List the prime factors of b.
2, 89
Suppose 2*t + 3*f = 2*f + 856, -5*t + 5*f = -2170. Let q = t - 287. What are the prime factors of q?
11, 13
Let g = -2 + -2. What are the prime factors of 16 - g - -2*1?
2, 11
What are the prime factors of 150/120 + (-143)/(-4)?
37
Suppose -8*u = 164 + 124. Suppose -n + s + 9 = 34, n = -5*s + 5. Let w = n - u. List the prime factors of w.
2
Suppose 5*a - 5*s - 3150 = 0, 3*s + s = a - 636. What are the prime factors of a?
2, 157
Let h(z) be the first derivative of -3*z**4/2 + z**3/3 - 7. Let g be h(1). What are the prime factors of g/2*88/(-10)?
2, 11
Let w(d) = d**2 + 7*d - 1. Let c be w(-9). Let g = c - -30. List the prime factors of g.
47
Suppose 4*n - 3*n + 48 = 0. Let o = 128 + n. What are the prime factors of o?
2, 5
Let k = -675 + 986. Suppose -2*g + k = g - 5*z, -4*g + 5*z + 413 = 0. List the prime factors of g.
2, 3, 17
What are the prime factors of (-28)/35 + 1317/15?
3, 29
Suppose 6*j = 11*j - 2*i - 5359, -2*i + 1067 = j. List the prime factors of j.
3, 7, 17
Suppose r = -n - 0*r + 176, 0 = 2*n - 2*r - 352. Suppose -5*u + 426 = 4*m, 2*u - 4*u + 4*m = -n. What are the prime factors of u?
2, 43
Let k(h) = 10*h - 2. Let j be k(1). Suppose 0 = 4*n + p + 10 - 270, -2*p = j. List the prime factors of n.
2, 3, 11
Suppose -1676 = -3*x + 11*b - 15*b, 3*b + 12 = 0. What are the prime factors of x?
2, 3, 47
Let u(f) = 11 + 6*f - 19 + 12. What are the prime factors of u(14)?
2, 11
Let c = 90 - -735. List the prime factors of c.
3, 5, 11
Suppose 0 = 19*u - 20*u + 363. List the prime factors of u.
3, 11
Suppose 397*w = 338*w + 61950. What are the prime factors of w?
2, 3, 5, 7
Suppose -5*l = 23 - 83. Let a(o) = -1. Let g(n) = -n - 6. Let i(q) = -2*a(q) - g(q). List the prime factors of i(l).
2, 5
Let l(a) = 3*a - 7. Let m be l(4). Suppose m*x - 83 = -5*s + 3*s, 10 = -2*x. List the prime factors of s.
2, 3
Suppose 5*o - 317 = 4*o. Suppose 5*m = -17 + o. What are the prime factors of ((-27)/15)/((-4)/m)?
3
Suppose -1 + 0 = z - 2*t, 0 = -t + 1. Suppose -11 - z = -y - 3*j, -3*j + 12 = 0. Suppose y*a + 56 = 2*a. List the prime factors of a.
2, 7
List the prime factors of 1 - (-3 + -439 + 7).
2, 109
Suppose -4 = i + 17. Let d = i - -19. List the prime factors of (-18 + 17)/(d/8).
2
What are the prime factors of (-5 - 35)/(-8)*(-3415)/(-25)?
683
Suppose -3835 = -4*o + f, -77*f = 2*o - 76*f - 1919. List the prime factors of o.
7, 137
Let s(n) = 20*n**3 - 4*n**2 + 5*n - 8. List the prime factors of s(4).
2, 307
Let q be -7*(4/28 + -1). Suppose 0 = 3*k - 0 - q. Suppose -4*z - 3*a + 19 - 2 = 0, 2*z - 8 = -k*a. What are the prime factors of z?
5
Let b(n) = n**3 - n**2 + 4*n - 3. Let x be (3/(-6))/(1/(-4)). Suppose -3*c + u + 3 = 0, -c - x*c = -4*u + 6. List the prime factors of b(c).
3
Suppose 0 = -3*z + 5*q + 1563, -2*z - z + 1581 = q. List the prime factors of z.
2, 263
Let j be 1/(((-2)/12)/((-20)/8)). List the prime factors of 35 + -5*(-12)/j.
3, 13
What are the prime factors of (4 - -1426)*-2*(-3)/12?
5, 11, 13
Let u(y) be the second derivative of y**4/12 + 7*y**3/3 + 9*y**2/2 + 2*y. Let m be u(-8). Let j = m + 70. What are the prime factors of j?
31
Suppose -c = 4*c. Suppose c*i = i - 3. Suppose -52 = -i*g + g. List the prime factors of g.
2, 13
Let m = -117 - -196. Let o = 106 - m. What are the prime factors of o?
3
Let r = -3392 - -4986. List the prime factors of r.
2, 797
Let i be (-1246)/(-8) + (-2)/(-8). Suppose -5*n + 3*o = -91, 5*n - i = -4*o - 44. Suppose 4*l - 40 = 3*h + 1, 4*h = n. List the prime factors of l.
2, 7
Suppose a + 3*a = 24. Suppose 3*b = a*b - 81. What are the prime factors of b?
3
Suppose 64*k = 60*k + 4. List the prime factors of (-119 - 3/k)/(-3 - -1).
61
What are the prime factors of 4713 - (31/4 - (-75)/(-100))?
2, 13, 181
List the prime factors of (-12)/21 + -59*(-4401)/63.
13, 317
Let j = 2592 - 1780. List the prime factors of j.
2, 7, 29
Let i(x) = 4*x + 16. Let v be i(9). Let f be 2/(3/(87/(-2))). Let r = f + v. List the prime factors of r.
23
Let i = 83 - 22. Suppose x - f - i - 75 = 0, -4*x = 4*f - 552. List the prime factors of x.
137
Let k be (-27)/6*4/6. Let n(b) = 3*b + 5. Let y(g) = -4*g - 4. Let u(f) = k*n(f) - 4*y(f). List the prime factors of u(6).
43
Suppose 3*k = -5*a + 512, -2*k + 4 = -4. Suppose 5*q - 155 = 2*j - j, 3*q - 2*j = a. List the prime factors of q.
2, 3, 5
Suppose 3*x + 4*g = 385, -3*x - 103 + 484 = 3*g. Suppose x = 3*w + 5*a, 3*w = -4*a + 62 + 58. Let s = w + -26. List the prime factors of s.
2, 5
Suppose 2*f - 18 = 2*r, -3*f + 44 = -4*r - f. Let g = r - -15. Suppose -s = g*s - 108. List the prime factors of s.
2, 3
Let d(p) = 4*p**2 + 41*p - 13. Let s(z) = 2*z**2 - 3 + 9*z + z - z**2. Let k(a) = -2*d(a) + 9*s(a). What are the prime factors of k(-10)?
19
Let f(l) = l**3 + l**2 + 2*l + 10. Let b be f(0). List the prime factors of 39 - (-2)/b*-5.
2, 19
Let x(f) = -127*f - 13. What are the prime factors of x(-24)?
5, 607
Let n(w) = -w**3 + 6*w**2 + 4*w + 9. Let v be (2 + 24/(-9))*(-45)/6. What are the prime factors of n(v)?
2, 3
Suppose -5*t + 4948 = 4*p + 663, -4*t - 4*p + 3432 = 0. What are the prime factors of t?
853
Let u be (3/2)/(33/6 - 5). Let z(h) = 10*h**2 - 3*h + 4. List the prime factors of z(u).
5, 17
Let g(i) = -5*i - 6. Let z be g(-3). Suppose z*v - 148 = 7*v. What are the prime factors of v?
2, 37
Suppose 6*i = 3*i - 3, -2*l - 5 = 3*i. What are the prime factors of (-3 + l)*(-1393)/28?
199
Let z(h) = 27*h**3 - h**2 + 1. Let o be z(1). Let r = 44 - o. Suppose 8 + r = y. What are the prime factors of y?
5
Let f = -343 + 784. What are the prime factors of f?
3, 7
Let j = -4133 - -6491. List the prime factors of j.
2, 3, 131
Suppose -51*t + 58*t = 2800. List the prime factors of t.
2, 5
Let n be 5/(-15) + 94/(-6). Let a be ((-36)/(-4))/((-12)/n). List the prime factors of (-32)/12*(0 - a).
2
Let j(m) = -m**3 + 4*m**2 + 3*m + 2. Let d(k) = 3*k**2 + k + 1. Let h be d(-1). Let v be j(h). List the prime factors of v*((-9)/4)/(-9).
5
Let b(p) = 10 + 1 - 4 + 14*p. Let v be 6*3/(-18)*-3. What are the prime factors of b(v)?
7
Let q(o) = 634*o**3 - o**2 - o + 2. What are the prime factors of q(1)?
2, 317
List the prime factors of 2/(-23) + (-8616104)/(-2438).
2, 3, 19, 31
Let b be (-3 + 1)/((-4)/14). Let u(w) = 2*w**3 + w**2 - 71*w - 4. Let p be u(6). Suppose -b + p = m. What are the prime factors of m?
31
Let c(b) = 11*b**3 + b. Let m be c(1). Let v(p) = -2*p**2 + 27*p + 12. List the prime factors of v(m).
2, 3
Suppose -a + 6 = -0. Let w be 1/3 - 210/(-18). Suppose a*v = 2*v + 5*c + w, -3*v + 4 = -5*c. List the prime factors of v.
2
Suppose -1256*u + 1265*u = 0. Let l(w) = w**3 - 5*w - 14. Let p(j) = -j**3 + 4*j + 13. Let a(k) = 3*l(k) + 4*p(k). List the prime factors of a(u).
2, 5
Let p = -18 - -24. Let x(s) = 13*s + 14. Let v be x(p). Let y = v - 30. What are the prime